. Let l = c - q. List the prime factors of l.
2, 3
Let u(i) = 4*i - 4*i - i + 5. Let q be (-2 - -2)*(-2)/(-2). List the prime factors of u(q).
5
Let b = 7 + 5. Let p = b - 6. List the prime factors of (16/p)/(2/9).
2, 3
Suppose -2*f + 13 + 17 = 0. Let i = f - -7. Let d = i - 14. What are the prime factors of d?
2
Suppose 203 = 5*c - 4*a, -4*c + 5*a = 7*a - 178. List the prime factors of c.
43
List the prime factors of (-840)/(-108) + (-2)/(-9).
2
Let z(k) = -k**3 + 27*k**2 + 35*k - 1. What are the prime factors of z(28)?
3, 5, 13
Suppose 3*q - 2*m = 7, 2*q - 4*m = 5*q - 31. Suppose r = q*p + 12, -60 = -6*r + 3*r + 3*p. What are the prime factors of r?
2, 11
Let c = 8 - 5. Suppose -7 + c = -2*k. Suppose 0 = 4*w - 10 - k. List the prime factors of w.
3
Suppose 2*j = 6*j - 8. Let y = 36 - 12. Suppose -l + 14 = j*b, l = -5*b + 4*l + y. List the prime factors of b.
2, 3
List the prime factors of (-2)/(-3 - 3)*(54 - -3).
19
Let w be (-9)/(-18) + 5/2. Suppose -w*y + 4*y = 11. List the prime factors of y.
11
Let l(g) be the third derivative of g**4/8 + 2*g**3/3 - 4*g**2. What are the prime factors of l(3)?
13
Let c(w) = 3*w**3 - w**2. Let f be c(1). Let i be 328/4*f/4. Let d = 57 - i. List the prime factors of d.
2
Let w(h) = h. Let o be w(-6). What are the prime factors of (13 + -11)*o/(-4)?
3
Suppose -4*s + 60 = -552. What are the prime factors of s?
3, 17
Let q = 6 + 39. Suppose -4*m - u + 21 = -2*m, u = -5*m + q. Let i = m - -1. List the prime factors of i.
3
Suppose -2*t + 15 = -t + 2*b, -12 = -4*b. What are the prime factors of t?
3
Suppose -c = -5*q - 50, -2*c + 61 = 5*q - 9. What are the prime factors of c?
2, 5
Suppose -2*t + 18 = t. What are the prime factors of t?
2, 3
Suppose -l - 66 = -4*l. Let p = 50 - l. Let g = p + -16. What are the prime factors of g?
2, 3
Let q(w) = -7 + 0*w**3 - w**3 + 11 + 12. What are the prime factors of q(0)?
2
Let y(k) = -24*k - 6. List the prime factors of y(-2).
2, 3, 7
Let q(a) = -4*a + 1. Let k be q(-1). Let r(y) = 2*y - 5. Let h be r(k). Suppose -h*d + 36 = -d. List the prime factors of d.
3
Let n(l) = l**2 - 4. What are the prime factors of n(-4)?
2, 3
Suppose -3*u - 131 = 4*d, -3*u + 62 = -2*d - u. Let f = 59 + d. Let m = f + -19. List the prime factors of m.
2
Let c = -40 - -87. List the prime factors of c.
47
Let z(i) = -i - 2. Let j be z(0). Let m = 77 - -1. List the prime factors of (m/24)/(j/(-8)).
13
Let y(m) = m**2 - 6*m - 9. Let c be y(7). Let f = c - -2. What are the prime factors of 48/(f - -3) - 0?
2
Suppose -12 = -0*l - l. What are the prime factors of l?
2, 3
Let y(t) = t - 1. Let l be y(5). Suppose 43 = l*j - 9. What are the prime factors of j?
13
Suppose l = -4*i + 10 + 13, 5*i - 37 = -4*l. Suppose z + 3*g = 5*z - 49, 3*z - 39 = l*g. Let j = -4 + z. List the prime factors of j.
2, 3
Let i(n) be the third derivative of -n**6/12 + n**4/24 - n**2. Suppose -2 + 4 = -2*q. List the prime factors of i(q).
3
Let f(h) = 23*h**2 + 2*h - 1. Suppose -3*v - 1 + 4 = 0. What are the prime factors of f(v)?
2, 3
Suppose 51*j + 46 = 52*j. What are the prime factors of j?
2, 23
Let h(c) = -4*c - 37. What are the prime factors of h(-18)?
5, 7
Suppose 11*k - 700 = 4*k. List the prime factors of k.
2, 5
Suppose v - 5 = -1. Suppose -4*d = -v*g + 152, 107 = 3*g + 2*d - 7. List the prime factors of g.
2, 19
Suppose 9 + 28 = 3*w + 5*q, -3*q + 7 = -2*w. Suppose w*t - 1 = 15. What are the prime factors of t?
2
Suppose k = -20 - 12. Let s = k - -74. List the prime factors of s.
2, 3, 7
Suppose 3*i = 4*j + 27, -i + 4*j + 9 = 5*j. Let b be 3/i - (-30)/(-9). List the prime factors of (-6)/(b*2/8).
2
Let q = 13 + -11. Let r = 0 + 2. Suppose 31 = 3*g + 2*g + 3*j, r*g - q = 4*j. List the prime factors of g.
5
Let f = 50 + -36. Let i = f + 21. What are the prime factors of i?
5, 7
Suppose 4*a = 8*a - 320. What are the prime factors of a?
2, 5
Suppose 0 + 6 = z. Let h(s) = s**3 + 6*s**2 + 8*s + 3. Let r be h(-4). List the prime factors of 1 + 2 + (z - r).
2, 3
Let d = 8 - 11. Let v = 3 + d. Let l = 2 + v. List the prime factors of l.
2
Let l be (-3)/4*(-1 + 5). Let c = 47 - l. Suppose 0 = 5*r - c - 10. What are the prime factors of r?
2, 3
Let n(i) = i**2 - 4*i. Let z be n(5). Let q = z + -3. Suppose -q*f + 14 = 2. List the prime factors of f.
2, 3
Let w = -9 + 20. Let r(z) = -z**3 + 11*z**2 + 3*z - 15. What are the prime factors of r(w)?
2, 3
Let p(z) = z + 13. Let v be p(-9). List the prime factors of v/(-14) - (-107)/7.
3, 5
Let x(w) = w**2 + 11 + 0*w**2 - 2 + 7*w. What are the prime factors of x(-7)?
3
Let t = 4 - 2. Suppose g = h - 34, -155 = -5*h - 0*h + t*g. Suppose l + r - 2 = 0, -2*r + 5*r = 4*l - h. List the prime factors of l.
5
Suppose -5*r = -3*r - 34. List the prime factors of r.
17
Let i(r) = -r**3 + 8*r**2 - 5*r + 2. What are the prime factors of i(5)?
2, 13
Suppose 5*q = -4*l - 115, -115 = 5*l - 2*l - 2*q. Let a = 53 + l. What are the prime factors of a?
2, 3
Let y(l) = l + 16. List the prime factors of y(29).
3, 5
What are the prime factors of (-1 - (-3 + 3)) + 28?
3
Suppose -3*d = 5*p - 21, -3*p - 2*d + d = -11. What are the prime factors of p?
3
Suppose -393 = -g - 3*k, -13*g + 9*g - 3*k = -1536. List the prime factors of g.
3, 127
Let z(i) = -5*i - 1. Let h be z(6). Let o = -21 - h. What are the prime factors of o?
2, 5
Let n = 9 + -5. Suppose 2*k + 2*k = 8. Suppose v - n*u - 24 = 0, -u + k*u = -4. What are the prime factors of v?
2
Suppose 5*t + u = 2*t + 22, 5*t = 5*u + 70. What are the prime factors of t?
3
Suppose 5*x - 215 = -q, -4*x + 28 = -4*q - 120. List the prime factors of x.
2, 3, 7
Let o(d) = 5*d + 1. Let f be o(-2). Let b = f - -15. What are the prime factors of b?
2, 3
Let m = 0 + 3. Suppose -m - 13 = -2*l. Suppose 2*b + 5*o - 36 = 7, -b + l = -2*o. List the prime factors of b.
2, 7
Suppose 3535 - 1070 = 17*b. List the prime factors of b.
5, 29
Let x(y) = -2 + y**2 - y + 2 + 4. List the prime factors of x(-3).
2
Let t = 182 - 123. What are the prime factors of t?
59
Suppose 2*i = -q, -5*q + 44 = i - 2*i. List the prime factors of (-265)/(-20) + (-2)/q.
13
Suppose 0 = -5*k - j + 700, -5*j - 481 = -5*k + 189. What are the prime factors of k?
139
Suppose -5*o = 2*u + 2, 4*o = -u + o - 1. List the prime factors of 9*(u - 34/(-6)).
2, 3, 7
Let t(x) = -x - 4. List the prime factors of t(-6).
2
Suppose 0 = -5*q - 5*o - 10, q + 2*q + 5*o + 16 = 0. Let r be 10/q*(-9)/(-6). Let a = -3 + r. List the prime factors of a.
2
Suppose -15*w - 320 = -19*w. What are the prime factors of w?
2, 5
Let d = 312 - 219. What are the prime factors of d?
3, 31
Let a = 8 - 6. Suppose a*l = 4*l - 52. Let w = l - 12. What are the prime factors of w?
2, 7
Let f(i) be the third derivative of -1/20*i**5 - 3*i**2 + 0*i + 1/12*i**4 - 1/120*i**6 + 2/3*i**3 + 0. What are the prime factors of f(-4)?
2, 3
Suppose -4*m - 3 = -3*m. Let r = 6 + m. List the prime factors of r + (2 - (0 - -2)).
3
Suppose -56 = -4*d + 48. What are the prime factors of d?
2, 13
Suppose 0 = -3*l - 2*k + 170, -4*k + 76 = l + 16. What are the prime factors of l?
2, 7
Let u be (-10)/(4/(-1 - 3)). Suppose -f = x - 6, -x + 4*f + u = f. List the prime factors of x.
7
Let c(s) = -s**3 - 6*s**2 + 7*s + 6. List the prime factors of c(-7).
2, 3
List the prime factors of 1/(-1) + 1 + 41.
41
Let a(d) = -7*d - 3. Let g be a(-5). Suppose g = r + r. What are the prime factors of r?
2
Let a = 60 + -15. What are the prime factors of a?
3, 5
Suppose 11*i - 762 = 5*i. List the prime factors of i.
127
Suppose 0 = -r + 4*r + 3*s + 3, 0 = 4*r - 4*s - 20. Let c be (-15)/r*12/15. Let i = c - -10. What are the prime factors of i?
2
Let m = -35 - -58. Let n = m - 13. List the prime factors of n.
2, 5
Suppose 0 = 3*i + 9, -72 = -3*a + 4*i + 54. What are the prime factors of a?
2, 19
Suppose -p = -2*p + 4. Suppose -p*r = -5*r. What are the prime factors of (r - 11)*(-1)/1?
11
Let j(o) = o**2 - 7*o - 4. Let g be j(8). Suppose g*k = -d - 27, -3*k + 2*k - 4*d = 3. Let n(l) = l**2 + 6*l + 2. List the prime factors of n(k).
3
Let g(u) = u**2 - 5*u + 4. Let s be g(5). Suppose -s*z - y = y - 108, 4*y + 45 = z. List the prime factors of z.
29
Suppose -8 = -6*f + 2*f. Suppose -f*l = 5 - 15. Suppose x = l*x - 12. What are the prime factors of x?
3
Let m = 96 - -120. What are the prime fa